{"id":6,"date":"2024-09-03T20:12:02","date_gmt":"2024-09-03T20:12:02","guid":{"rendered":"https:\/\/campervanen.no\/?page_id=6"},"modified":"2026-01-07T11:01:23","modified_gmt":"2026-01-07T11:01:23","slug":"campervanen","status":"publish","type":"page","link":"https:\/\/campervanen.no\/","title":{"rendered":"Velkommen"},"content":{"rendered":"\n<p><\/p>\n\n\n\n<div class=\"wp-block-group\"><div class=\"wp-block-group__inner-container is-layout-constrained wp-block-group-is-layout-constrained\">\n<figure class=\"wp-block-gallery has-nested-images columns-default is-cropped wp-block-gallery-1 is-layout-flex wp-block-gallery-is-layout-flex\">\n<figure class=\"wp-block-image size-large\"><img loading=\"lazy\" decoding=\"async\" width=\"1585\" height=\"1193\" data-id=\"172\" src=\"https:\/\/campervanen.no\/wp-content\/uploads\/2025\/09\/1-1024x771.jpg\" alt=\"\" class=\"wp-image-172\" srcset=\"https:\/\/campervanen.no\/wp-content\/uploads\/2025\/09\/1-1024x771.jpg 1024w, https:\/\/campervanen.no\/wp-content\/uploads\/2025\/09\/1-300x226.jpg 300w, https:\/\/campervanen.no\/wp-content\/uploads\/2025\/09\/1-768x578.jpg 768w, https:\/\/campervanen.no\/wp-content\/uploads\/2025\/09\/1-1536x1156.jpg 1536w, https:\/\/campervanen.no\/wp-content\/uploads\/2025\/09\/1-1200x903.jpg 1200w, https:\/\/campervanen.no\/wp-content\/uploads\/2025\/09\/1.jpg 1585w\" sizes=\"auto, (max-width: 709px) 85vw, (max-width: 909px) 67vw, (max-width: 1362px) 62vw, 840px\" \/><\/figure>\n\n\n\n<figure class=\"wp-block-image size-large\"><img loading=\"lazy\" decoding=\"async\" width=\"1024\" height=\"768\" data-id=\"207\" src=\"https:\/\/campervanen.no\/wp-content\/uploads\/2026\/01\/3-1-1024x768.jpg\" alt=\"\" class=\"wp-image-207\" srcset=\"https:\/\/campervanen.no\/wp-content\/uploads\/2026\/01\/3-1-1024x768.jpg 1024w, https:\/\/campervanen.no\/wp-content\/uploads\/2026\/01\/3-1-300x225.jpg 300w, https:\/\/campervanen.no\/wp-content\/uploads\/2026\/01\/3-1-768x576.jpg 768w, https:\/\/campervanen.no\/wp-content\/uploads\/2026\/01\/3-1-1200x900.jpg 1200w, https:\/\/campervanen.no\/wp-content\/uploads\/2026\/01\/3-1.jpg 1536w\" sizes=\"auto, (max-width: 709px) 85vw, (max-width: 909px) 67vw, (max-width: 1362px) 62vw, 840px\" \/><\/figure>\n<\/figure>\n<\/div><\/div>\n\n\n\n<p><strong>Velkommen til Campervanen.no, og mitt lille prosjekt. <\/strong><\/p>\n\n\n\n<p>Dersom du \u00f8nsker \u00e5 leie denne Campervanen kan du kontakte meg ved bruk av kontaktskjema, eller bes\u00f8ke annonsen p\u00e5 Finn.no<\/p>\n\n\n\n<p><a href=\"https:\/\/www.finn.no\/mobility\/item\/395156138\">Campingvogn leies ut: Peugeot Campervan Utleie &#8211; 2012 &#8211; Soveplasser 2 &#8211; Egenvekt 1 819 kg | FINN.no<\/a><\/p>\n\n\n\n<p><\/p>\n\n\n\n<p>Under siden &laquo;Bilder&raquo; er det bilder av ferdigstilt bil, samt historikk med omgj\u00f8ring fra A-\u00c5. <\/p>\n\n\n\n<p>Under siden &laquo;Generell informasjon&raquo; er det mye informasjon om hvordan Campervanen er bygd og hva slags utstyr og fasiliteter den har. <\/p>\n\n\n\n<p><\/p>\n\n\n\n<p><\/p>\n\n\n\n<p><\/p>\n","protected":false},"excerpt":{"rendered":"<p>Velkommen til Campervanen.no, og mitt lille prosjekt. Dersom du \u00f8nsker \u00e5 leie denne Campervanen kan du kontakte meg ved bruk av kontaktskjema, eller bes\u00f8ke annonsen p\u00e5 Finn.no Campingvogn leies ut: Peugeot Campervan Utleie &#8211; 2012 &#8211; Soveplasser 2 &#8211; Egenvekt 1 819 kg | FINN.no Under siden &laquo;Bilder&raquo; er det bilder av ferdigstilt bil, samt &hellip; <a href=\"https:\/\/campervanen.no\/\" class=\"more-link\">Fortsett \u00e5 lese<span class=\"screen-reader-text\"> \u00abVelkommen\u00bb<\/span><\/a><\/p>\n","protected":false},"author":1,"featured_media":0,"parent":0,"menu_order":0,"comment_status":"closed","ping_status":"closed","template":"","meta":{"footnotes":""},"class_list":["post-6","page","type-page","status-publish","hentry"],"_links":{"self":[{"href":"https:\/\/campervanen.no\/index.php\/wp-json\/wp\/v2\/pages\/6","targetHints":{"allow":["GET"]}}],"collection":[{"href":"https:\/\/campervanen.no\/index.php\/wp-json\/wp\/v2\/pages"}],"about":[{"href":"https:\/\/campervanen.no\/index.php\/wp-json\/wp\/v2\/types\/page"}],"author":[{"embeddable":true,"href":"https:\/\/campervanen.no\/index.php\/wp-json\/wp\/v2\/users\/1"}],"replies":[{"embeddable":true,"href":"https:\/\/campervanen.no\/index.php\/wp-json\/wp\/v2\/comments?post=6"}],"version-history":[{"count":16,"href":"https:\/\/campervanen.no\/index.php\/wp-json\/wp\/v2\/pages\/6\/revisions"}],"predecessor-version":[{"id":209,"href":"https:\/\/campervanen.no\/index.php\/wp-json\/wp\/v2\/pages\/6\/revisions\/209"}],"wp:attachment":[{"href":"https:\/\/campervanen.no\/index.php\/wp-json\/wp\/v2\/media?parent=6"}],"curies":[{"name":"wp","href":"https:\/\/api.w.org\/{rel}","templated":true}]}}